{"id":75,"date":"2019-04-01T12:31:36","date_gmt":"2019-04-01T11:31:36","guid":{"rendered":"http:\/\/fahrschule-floeter.de\/?page_id=75"},"modified":"2023-08-12T16:08:17","modified_gmt":"2023-08-12T15:08:17","slug":"unsere-fahrzeuge","status":"publish","type":"page","link":"http:\/\/fahrschule-floeter.de\/?page_id=75","title":{"rendered":"Unsere Fahrzeuge"},"content":{"rendered":"\n<figure class=\"wp-block-image size-large\"><img loading=\"lazy\" decoding=\"async\" width=\"1024\" height=\"768\" src=\"http:\/\/fahrschule-floeter.de\/wp-content\/uploads\/2023\/08\/DSC_0573-1044-1024x768.jpg\" alt=\"\" class=\"wp-image-269\" srcset=\"http:\/\/fahrschule-floeter.de\/wp-content\/uploads\/2023\/08\/DSC_0573-1044-1024x768.jpg 1024w, http:\/\/fahrschule-floeter.de\/wp-content\/uploads\/2023\/08\/DSC_0573-1044-300x225.jpg 300w, http:\/\/fahrschule-floeter.de\/wp-content\/uploads\/2023\/08\/DSC_0573-1044-768x576.jpg 768w, http:\/\/fahrschule-floeter.de\/wp-content\/uploads\/2023\/08\/DSC_0573-1044-1536x1152.jpg 1536w, http:\/\/fahrschule-floeter.de\/wp-content\/uploads\/2023\/08\/DSC_0573-1044.jpg 1920w\" sizes=\"auto, (max-width: 767px) 89vw, (max-width: 1000px) 54vw, (max-width: 1071px) 543px, 580px\" \/><\/figure>\n\n\n\n<p>Unsere Fahrzeuge sind alle hochwertige Wagen der Marken Tesla und VW. In den Fahrzeugen wird nicht geraucht.<\/p>\n\n\n\n<p>Wir schulen sowohl auf Fahrzeugen mit  Automatik- wie auch mit Schaltgetriebe. Derzeit setzen wir Model Y von Tesla und VW T-Roc ein.<\/p>\n\n\n\n<figure class=\"wp-block-image size-large\"><img loading=\"lazy\" decoding=\"async\" width=\"1024\" height=\"768\" src=\"http:\/\/fahrschule-floeter.de\/wp-content\/uploads\/2023\/08\/DSC_0585-1024x768.jpg\" alt=\"\" class=\"wp-image-270\" srcset=\"http:\/\/fahrschule-floeter.de\/wp-content\/uploads\/2023\/08\/DSC_0585-1024x768.jpg 1024w, http:\/\/fahrschule-floeter.de\/wp-content\/uploads\/2023\/08\/DSC_0585-300x225.jpg 300w, http:\/\/fahrschule-floeter.de\/wp-content\/uploads\/2023\/08\/DSC_0585-768x576.jpg 768w, http:\/\/fahrschule-floeter.de\/wp-content\/uploads\/2023\/08\/DSC_0585-1536x1152.jpg 1536w, http:\/\/fahrschule-floeter.de\/wp-content\/uploads\/2023\/08\/DSC_0585.jpg 1920w\" sizes=\"auto, (max-width: 767px) 89vw, (max-width: 1000px) 54vw, (max-width: 1071px) 543px, 580px\" \/><figcaption class=\"wp-element-caption\">Tesla  Model Y<\/figcaption><\/figure>\n\n\n\n<figure class=\"wp-block-image size-large\"><img loading=\"lazy\" decoding=\"async\" width=\"1024\" height=\"768\" src=\"http:\/\/fahrschule-floeter.de\/wp-content\/uploads\/2023\/08\/DSC_0566-1024x768.jpg\" alt=\"\" class=\"wp-image-271\" srcset=\"http:\/\/fahrschule-floeter.de\/wp-content\/uploads\/2023\/08\/DSC_0566-1024x768.jpg 1024w, http:\/\/fahrschule-floeter.de\/wp-content\/uploads\/2023\/08\/DSC_0566-300x225.jpg 300w, http:\/\/fahrschule-floeter.de\/wp-content\/uploads\/2023\/08\/DSC_0566-768x576.jpg 768w, http:\/\/fahrschule-floeter.de\/wp-content\/uploads\/2023\/08\/DSC_0566-1536x1152.jpg 1536w, http:\/\/fahrschule-floeter.de\/wp-content\/uploads\/2023\/08\/DSC_0566.jpg 1920w\" sizes=\"auto, (max-width: 767px) 89vw, (max-width: 1000px) 54vw, (max-width: 1071px) 543px, 580px\" \/><figcaption class=\"wp-element-caption\">Volkswagen T-Roc<\/figcaption><\/figure>\n\n\n\n<figure class=\"wp-block-image size-large\"><img loading=\"lazy\" decoding=\"async\" width=\"1024\" height=\"768\" src=\"http:\/\/fahrschule-floeter.de\/wp-content\/uploads\/2023\/08\/IMG_1879-1024x768.jpg\" alt=\"\" class=\"wp-image-273\" srcset=\"http:\/\/fahrschule-floeter.de\/wp-content\/uploads\/2023\/08\/IMG_1879-1024x768.jpg 1024w, http:\/\/fahrschule-floeter.de\/wp-content\/uploads\/2023\/08\/IMG_1879-300x225.jpg 300w, http:\/\/fahrschule-floeter.de\/wp-content\/uploads\/2023\/08\/IMG_1879-768x576.jpg 768w, http:\/\/fahrschule-floeter.de\/wp-content\/uploads\/2023\/08\/IMG_1879-1536x1152.jpg 1536w, http:\/\/fahrschule-floeter.de\/wp-content\/uploads\/2023\/08\/IMG_1879.jpg 1920w\" sizes=\"auto, (max-width: 767px) 89vw, (max-width: 1000px) 54vw, (max-width: 1071px) 543px, 580px\" \/><figcaption class=\"wp-element-caption\">Anh\u00e4nger f\u00fcr die Ausbildung F\u00fchrerscheinklasse BE<\/figcaption><\/figure>\n","protected":false},"excerpt":{"rendered":"<p>Unsere Fahrzeuge sind alle hochwertige Wagen der Marken Tesla und VW. In den Fahrzeugen wird nicht geraucht. Wir schulen sowohl auf Fahrzeugen mit Automatik- wie auch mit Schaltgetriebe. Derzeit setzen wir Model Y von Tesla und VW T-Roc ein.<\/p>\n","protected":false},"author":1,"featured_media":0,"parent":0,"menu_order":0,"comment_status":"closed","ping_status":"closed","template":"","meta":{"footnotes":""},"class_list":["post-75","page","type-page","status-publish","hentry"],"_links":{"self":[{"href":"http:\/\/fahrschule-floeter.de\/index.php?rest_route=\/wp\/v2\/pages\/75","targetHints":{"allow":["GET"]}}],"collection":[{"href":"http:\/\/fahrschule-floeter.de\/index.php?rest_route=\/wp\/v2\/pages"}],"about":[{"href":"http:\/\/fahrschule-floeter.de\/index.php?rest_route=\/wp\/v2\/types\/page"}],"author":[{"embeddable":true,"href":"http:\/\/fahrschule-floeter.de\/index.php?rest_route=\/wp\/v2\/users\/1"}],"replies":[{"embeddable":true,"href":"http:\/\/fahrschule-floeter.de\/index.php?rest_route=%2Fwp%2Fv2%2Fcomments&post=75"}],"version-history":[{"count":13,"href":"http:\/\/fahrschule-floeter.de\/index.php?rest_route=\/wp\/v2\/pages\/75\/revisions"}],"predecessor-version":[{"id":276,"href":"http:\/\/fahrschule-floeter.de\/index.php?rest_route=\/wp\/v2\/pages\/75\/revisions\/276"}],"wp:attachment":[{"href":"http:\/\/fahrschule-floeter.de\/index.php?rest_route=%2Fwp%2Fv2%2Fmedia&parent=75"}],"curies":[{"name":"wp","href":"https:\/\/api.w.org\/{rel}","templated":true}]}}